 h(2). Let w(j) = -3*j**3 + 2*j**2 + j. Let y be w(z). What are the prime factors of y/(1*(-1)/(-1))?
2
List the prime factors of (-30)/(3/18*-3) - -1.
61
Let s(a) = -9*a - 4. List the prime factors of s(-4).
2
Let s(n) = n**2 - n. Let o be s(-1). Suppose -b = -o*b + 53. What are the prime factors of b?
53
Let o(w) = 2*w**2 + 14*w + 15. What are the prime factors of o(-9)?
3, 17
Let y(v) = v**3 - 6*v**2 + v - 3. Let a(d) = d**2 + 7*d + 6. Let z be a(-7). Let w be y(z). Suppose 6 + 3 = w*x. List the prime factors of x.
3
Let x(k) be the second derivative of -k**3/3 + 5*k**2/2 - 3*k. Let h(s) = -2*s + 5. Let d(b) = -4*h(b) + 3*x(b). What are the prime factors of d(4)?
3
Let q(i) = -3*i - 3. Let p be q(-5). Let s(n) = n**2 - 7*n - 10. What are the prime factors of s(p)?
2, 5
Let v(r) be the second derivative of 7*r**5/10 - r**4/6 - r**3/6 - 2*r. Let f be v(-1). What are the prime factors of 62/10 + 3/f?
2, 3
Suppose 5*i + 5*s - s - 1206 = 0, -i + 254 = 4*s. What are the prime factors of i?
2, 7, 17
Let x(a) = -3*a + 11. What are the prime factors of x(-6)?
29
Let r = 47 + -9. List the prime factors of r.
2, 19
Suppose w - 1 - 1 = 0, -5*s + 140 = 5*w. What are the prime factors of s?
2, 13
Let b be (-3)/6 + 1/2. Let w = 1 - -13. Let q = b + w. List the prime factors of q.
2, 7
Let b = 1 + 2. Let m(j) = 3*j - 4. Let x be m(b). Suppose -v + 93 = x*k + 2*v, -3*k + v + 67 = 0. List the prime factors of k.
3, 7
Let l(m) = 5*m**3 - 2*m**2 + m. Let w(j) = j - 7. Let y be 1/((-2)/4) - -10. Let v be w(y). What are the prime factors of l(v)?
2
Suppose s = -z, 6 = -3*z + z. Let j = 3 - s. Suppose j*u - 5*u + i + 86 = 0, -34 = -u - 4*i. List the prime factors of u.
2, 3
Let d = 66 - 5. Suppose -3*s - 5*v + d = 0, v + v = 5*s - 50. List the prime factors of s.
2, 3
Let h = 191 + -125. What are the prime factors of h?
2, 3, 11
Suppose 5*a - 5*b = -2*b - 212, 4*a + 3*b = -148. Let p = -17 - a. What are the prime factors of p?
23
Suppose -2*c - 11 + 1 = 0. Let r = -1 - c. List the prime factors of r.
2
Let r be (3 + 24/(-4))/(-1). Let z be (6/1)/2 + 2. Let u = z - r. List the prime factors of u.
2
Suppose 0 = 2*k - 7*k - 10. Let b(u) = u**3 + u**2 - 2*u. Let d be b(k). Suppose 3*p - 5*p + 14 = d. List the prime factors of p.
7
Let x(c) = 4*c + 1. Let y be ((-20)/16)/(2/(-8)). List the prime factors of x(y).
3, 7
List the prime factors of (4/((-4)/(-13)))/((-2)/(-38)).
13, 19
Let k(q) = 0*q**2 - 2 + 0*q**2 + 7*q - q**2. List the prime factors of k(3).
2, 5
Let k = 73 + -44. List the prime factors of k.
29
Let r be -1*-1*(-1 + 3). Let y(d) = 14*d + 1. Let k be y(r). Let m = k - 20. List the prime factors of m.
3
Let p be 9 + (-1 - (1 - -1)). Suppose 5*f - p = 9. Suppose 3*l - 2*a - f*a + 13 = 0, 40 = 5*l + 4*a. List the prime factors of l.
2
Let y = 127 + 35. List the prime factors of y.
2, 3
Let k = 64 - 29. What are the prime factors of k?
5, 7
Let y be (-2)/(-4) + 92/8. List the prime factors of 3/y + 316/16.
2, 5
Let x(i) = 3*i**2 - 4*i - 4. Let y(b) = 10*b**2 - 11*b - 13. Let u(j) = 7*x(j) - 2*y(j). What are the prime factors of u(7)?
5
Suppose -117 + 17 = -h. List the prime factors of h.
2, 5
Let k = 45 + -31. List the prime factors of k.
2, 7
Suppose -2*g + 10 = -14. Let a be g/(-8)*(-16)/6. Suppose a*p + 24 = 4*y, 4*p - 19 - 6 = -3*y. What are the prime factors of y?
7
Let u = 118 + -70. Suppose -5*l + 103 = -0*t + 2*t, u = t - l. List the prime factors of t.
7
Let k(j) = -j**3 - 3*j + 103. List the prime factors of k(0).
103
Let v(r) = r + 4. Let j be v(-5). What are the prime factors of (37 - -2) + 4 + j?
2, 3, 7
Let o(j) = 5*j + 10. What are the prime factors of o(20)?
2, 5, 11
List the prime factors of 2/(-8) + 264/32.
2
Let c(k) = k**3 - 2*k**2 - 6*k + 1. Let y(r) be the first derivative of -r**3/3 - 5*r**2/2 + 4*r - 1. Let u be y(-5). List the prime factors of c(u).
3
Let b(i) = -i**2 + i + 2. Let n be b(0). Suppose n*y = -3*s + 4*y + 53, -2*s + 3*y + 27 = 0. List the prime factors of s.
3, 7
Suppose 42 + 14 = -4*s. Let h = 6 - s. Suppose -o + h = o. What are the prime factors of o?
2, 5
Let r(w) = 3*w - 7. Let i(b) = 1. Let c(f) = -4*i(f) + r(f). What are the prime factors of c(5)?
2
Suppose -f - 2 = -2*w, 2*f - 5*w = -0*f - 9. Let m = 8 - f. Let c = 8 + m. List the prime factors of c.
2
Let z = 14 - 11. List the prime factors of z.
3
Let s = 6 - 2. Suppose -2*z - f = -16 - 7, 5*z + s*f = 50. List the prime factors of z.
2, 7
Let x(s) be the third derivative of s**5/60 + s**4/6 - s**3 - 2*s**2. What are the prime factors of x(-7)?
3, 5
Let l(f) = f**2 - 2*f + 2. What are the prime factors of l(5)?
17
What are the prime factors of 225/(-30)*8/(-6)?
2, 5
Suppose -r = r - 242. Suppose r = -4*o - c + 397, -3*o - c = -208. Let m = o - 46. List the prime factors of m.
2, 11
Suppose -3*j + 2*t - 3 = 3, 5*j = -4*t + 12. Suppose j = l - 2*q + 6, -7*q = -5*l - 2*q - 5. List the prime factors of l.
2
Let c = -35 + 81. List the prime factors of c.
2, 23
Suppose -4*x + 20 = x. Suppose 5*y - 63 = -3*p + 79, 118 = x*y - 2*p. List the prime factors of y.
29
Let p = 1 - 3. What are the prime factors of p/(10/4 - 3)?
2
Let s = 1 - -2. Suppose 140 = 4*i - 48. Suppose -s*l = -2*n + i, 5*n - l - 70 = -3*l. List the prime factors of n.
2
Suppose -2*a = h + 1, 2*a + 16 = -h - 3*h. List the prime factors of a.
2
Suppose 2*s - 4*f = -72, -2*s - 31 = -s + 3*f. Let t = s - -74. Suppose t + 40 = 5*j + 5*p, 0 = -3*j - p + 44. List the prime factors of j.
2, 7
Let p be 2*-2*2/8. Let r(m) = 5*m - 4. Let a(k) = 20*k - 15. Let j(u) = -4*a(u) + 15*r(u). What are the prime factors of j(p)?
5
Suppose 3*j - 246 = -4*q, -272 = -5*j - 5*q + 138. List the prime factors of j.
2, 41
Let o(f) = f**3 + 7*f**2 + 2*f + 8. Let q(g) = -g**3 - 7*g**2 - 3*g - 8. Let b(s) = -2*o(s) - 3*q(s). List the prime factors of b(-6).
2, 7
Let g(a) = a**2 - a + 2. Let b be g(3). Suppose -t = -3*t + b. Let u(w) = w**2 - w - 5. What are the prime factors of u(t)?
7
Let k(b) = b - 5. Let r be 17/4 - 15/(-20). Let d be k(r). Suppose -2*s = d, -2*a + 2*s + 2 = -8. List the prime factors of a.
5
Let l = 144 + -83. List the prime factors of l.
61
Let f(n) = -6*n + 4*n + 1 - 1 - 4. What are the prime factors of f(-7)?
2, 5
Let n(t) be the first derivative of t**3 - 9*t**2/2 - 5*t - 4. List the prime factors of n(5).
5
Suppose -5*y = -2*s - 263 - 469, 0 = 5*s - 20. What are the prime factors of y?
2, 37
Suppose -3*a = 2*c + a, 2*c = -5*a + 2. Let j = -4 + c. Let i = j - -13. List the prime factors of i.
5
Suppose v - 1 = 5. List the prime factors of v.
2, 3
Suppose r = -2*r - 54. What are the prime factors of (-51)/(r/4 - -3)?
2, 17
Let y(d) = -d**2 - 5*d - 2. Let j be y(-3). Suppose -j*u - 3 = -19. Suppose -4*b + u*r + 13 = -b, -3*b + 31 = 5*r. What are the prime factors of b?
7
Let p(r) = 2*r + 2. Suppose -2*w = -1 - 7. Let s be -2 - (0 - (2 + w)). List the prime factors of p(s).
2, 5
Suppose 4*t - 3*t + 12 = c, -5*c = -t - 40. Suppose 4*o = p + 10, 4*o - c*p - 2 = -2*p. List the prime factors of o.
3
Suppose -2*t - h = -381 + 84, t = -h + 147. What are the prime factors of t?
2, 3, 5
Let g = 9 - 5. Suppose -4*i + 3*n = -21, 3 = 3*i + g*n - 2*n. List the prime factors of i.
3
Let c = -18 + 28. What are the prime factors of c?
2, 5
Let p(c) = -c**3 - 5*c**2 - 6*c - 4. Let t be p(-4). What are the prime factors of (17/t)/((-2)/(-8))?
17
What are the prime factors of (4/6)/((-6)/(-234))?
2, 13
Let d be (9 - (-3 + 4))*12. Let i = -134 + d. What are the prime factors of (-2)/(-7) + i/(-14)?
3
Let h(m) = 7*m**3 + 8*m**2 + 2*m - 7. Let k(x) = 6*x**3 + 7*x**2 + x - 6. Let d(i) = -5*h(i) + 6*k(i). What are the prime factors of d(-3)?
2
Let c = 8 - 5. Let v be c + 1*(-1 + 2). Suppose 5*r = -0*r + v*w + 49, -w + 35 = 4*r. List the prime factors of r.
3
Let v(p) = 3*p - 15. Let y be v(9). Suppose 4*n - 22 - y = -w, 2*w = -4*n + 84. List the prime factors of w.
2, 5
Let d = 18 - 11. Suppose d*q - 3*q = 8. Suppose y + 0*y = q*g - 6, -4*g + 12 = -3*y. List the prime factors of g.
3
Let v be (-18)/12 - (-183)/2. Suppose 4*r - v = 18. What are the prime factors of r?
3
Let m = 1 - 4. Let b = 5 + m. Suppose 0*k = -b*k + 8. List the prime factors of k.
2
Suppose 6*o = -7*o + 5044. List the prime factors of o.
2, 97
Suppose -j + 10 